(x) = x**2 + 7*x - 3. What is f(-7)?
-3
Let p(d) = d**3 + 30*d**2 + d + 33. Determine p(-30).
3
Let g(c) = -c**3 - 9*c**2 + c - 6. Calculate g(-9).
-15
Let j(h) = -h**3 + 9*h**2 - 11*h - 6. What is j(7)?
15
Let n(h) = -h**3 - 11*h**2 - 12*h + 5. Determine n(-9).
-49
Let i(g) = g**3 - 9*g**2 - 35*g - 4. What is i(12)?
8
Let z(o) = -o + 6. What is z(8)?
-2
Let h(l) = -l**3 + 13*l**2 + 7*l - 20. What is h(13)?
71
Let u(w) = w**2 - w - 6. Give u(4).
6
Let q(g) = -g**3 + 6*g**2 - 4*g + 16. Calculate q(4).
32
Let c(f) = f**3 + 2*f**2 - 22*f + 13. Determine c(-6).
1
Let n(q) = -5*q**2 - 37*q - 12. Give n(-7).
2
Let r(i) = i**3 + 14*i**2 + 49*i + 3. What is r(-8)?
-5
Let w(m) = m + 4. What is w(0)?
4
Let y(x) = -x**3 + 13*x**2 - 20*x - 22. Calculate y(11).
0
Let b(z) = z**3 - 14*z**2 - z - 31. Determine b(14).
-45
Let i(n) = -6*n + 7. What is i(-4)?
31
Let i(q) = q**3 - 9*q**2 + 16*q - 4. Determine i(7).
10
Let g(l) = -4*l**2 + 2. Calculate g(-2).
-14
Let a(f) = -f + 11. What is a(8)?
3
Let m(y) = 2*y - 25. Determine m(17).
9
Let k(y) = -y**3 - 6*y**2 - 6*y - 8. Give k(-4).
-16
Let q(d) = -d**3 + 6*d**2 + 23*d - 18. What is q(9)?
-54
Let j(v) = 54*v + 1194. What is j(-22)?
6
Let g(c) = -c**3 + c**2 + 41*c + 7. Determine g(7).
0
Let t(b) = -2*b - 6. Determine t(6).
-18
Let x(k) = -11*k**3 + k**2 + 3*k - 2. Give x(1).
-9
Let h(k) = -27*k**3 + 2*k**2 - k - 2. What is h(-1)?
28
Let z(d) = -39*d + 471. Give z(12).
3
Let o(u) = 3*u - 1. Calculate o(7).
20
Let y(f) = f**2 - 45. Determine y(0).
-45
Let k(j) = j**2 + 11*j + 12. Determine k(-7).
-16
Let v(a) = a**3 + a + 2. Give v(0).
2
Let u(w) = -w**2 + w + 37. What is u(0)?
37
Let g(b) = -b**2 + 1. Calculate g(-3).
-8
Let p(x) = 9*x**2 + 7*x + 6. What is p(-3)?
66
Let a(y) = -2*y - 36. Calculate a(-14).
-8
Let g(l) = 4*l**3 - l**2 + l - 2. Give g(2).
28
Let m(l) = -l**3 - 8*l**2 + l - 3. Give m(-4).
-71
Let f(i) = 2*i - 34. Determine f(11).
-12
Let r(v) = -v**2 - 10*v + 202. Give r(-20).
2
Let h(i) = -3*i**2 - 19*i + 37. Determine h(-7).
23
Let b(m) = m**2 + 20*m - 32. Calculate b(-21).
-11
Let c(r) = -2*r**3 - 5*r**2 - 5*r - 1. Give c(-2).
5
Let r(h) = -h**2 + 4*h - 3. Calculate r(3).
0
Let t(v) = -3*v + 19. Determine t(1).
16
Let o(w) = -2*w + 24. What is o(9)?
6
Let t(l) = 9*l - 22. Calculate t(2).
-4
Let b(t) = -3*t - 23. What is b(-6)?
-5
Let d(z) = -z**2 - 9*z - 9. Determine d(-5).
11
Let m(l) = 4*l**2 - 12*l - 10. What is m(6)?
62
Let y(h) = -h**3 - 3*h**2 - 3*h - 5. Determine y(-3).
4
Let n(d) = -2*d + 17. Determine n(18).
-19
Let o(d) = -7*d - 60. Give o(-8).
-4
Let u(j) = -j**2 + 17*j - 20. Calculate u(14).
22
Let z(g) = g**3 - 10*g**2 - 12*g + 22. What is z(11)?
11
Let y(h) = h**2 + 8*h + 6. Give y(-8).
6
Let a(k) = -k**2 + 6*k - 9. Determine a(3).
0
Let h(b) = b**3 - 4*b**2 - 6*b - 11. What is h(6)?
25
Let s(u) = u**3 - 4*u**2 + 2*u + 7. Calculate s(4).
15
Let r(i) = i**3 + 6*i**2 - 7*i - 8. Give r(-6).
34
Let r(n) = -n**2 - 6*n - 1. Determine r(-9).
-28
Let n(x) = -2*x**3 - x**2 - 2*x + 3. Determine n(-3).
54
Let b(g) = 39*g + 7. Calculate b(-1).
-32
Let s(u) = 2*u**2 - 2*u - 24. Calculate s(5).
16
Let h(a) = -2*a**3 + 18*a**2 - 2*a + 12. Determine h(9).
-6
Let f(o) = o - 13. Determine f(14).
1
Let w(t) = 6*t - 37. What is w(6)?
-1
Let f(h) = 11*h**2 - 3*h - 1. Give f(-2).
49
Let x(t) = 11*t - 133. Calculate x(12).
-1
Let f(x) = -x**2 - 7*x - 2. Give f(-7).
-2
Let w(b) = 6*b - 90. What is w(14)?
-6
Let m(g) = -g**3 - g**2 + g - 4. What is m(-3)?
11
Let b(s) = 9*s**2 + 1. Give b(-3).
82
Let i(j) = 6*j + 4. Give i(6).
40
Let i(r) = r**3 - 5*r**2 + 3*r - 3. Calculate i(3).
-12
Let b(p) = -2*p**3 - 20*p**2 - 18*p - 5. Calculate b(-9).
-5
Let h(m) = -m + 29. Give h(0).
29
Let k(i) = -2*i. Give k(2).
-4
Let g(v) = 3*v + 63. Give g(-20).
3
Let i(a) = -2*a - 59. What is i(-30)?
1
Let l(i) = -4*i + 2. Calculate l(8).
-30
Let k(t) = 2*t + 69. Calculate k(-38).
-7
Let z(g) = -4*g - 82. What is z(-14)?
-26
Let v(d) = d**3 - 6*d**2 - 7*d + 16. What is v(7)?
16
Let i(f) = 2*f**3 + 7*f**2 - 7*f - 6. Calculate i(-4).
6
Let p(v) = -v**3 + 10*v**2 - 12*v + 50. Give p(9).
23
Let m(w) = w. Calculate m(-20).
-20
Let x(q) = -3*q - 17. What is x(14)?
-59
Let w(q) = 2*q**3 - 4*q**2 + 2*q. Give w(2).
4
Let q(n) = 3*n**2 + 83*n - 108. Give q(-29).
8
Let s(h) = h**3 - 5*h**2 - 4*h - 5. Determine s(6).
7
Let t(n) = -12*n - 21. Determine t(-2).
3
Let k(d) = -4*d + 195. Give k(46).
11
Let j(c) = 8*c + 21. What is j(5)?
61
Let p(b) = -b - 45. Give p(-12).
-33
Let s(j) = -23*j**2 + j. Give s(1).
-22
Let f(s) = 2*s**2 + s - 2. Determine f(0).
-2
Let f(y) = 3*y - 1. Give f(2).
5
Let d(k) = -k**3 - 10*k**2 + 23*k - 9. What is d(-12)?
3
Let a(d) = 4*d**3 - d**2 - d. What is a(2)?
26
Let k(a) = a**3 + 8*a**2 + 4*a + 34. What is k(-8)?
2
Let k(g) = g**2 + g - 12. Determine k(6).
30
Let j(f) = -f + 12. What is j(-1)?
13
Let i(u) = u**3 + 4*u**2 - 8*u - 25. Calculate i(-4).
7
Let l(q) = 2*q**2 - 8*q - 1. What is l(9)?
89
Let l(o) = 11*o + 1. Give l(-1).
-10
Let s(u) = 2*u**2 + 11*u - 13. Give s(-7).
8
Let u(p) = -p**2 + 8*p + 3. What is u(0)?
3
Let l(g) = -g**2 + 21*g - 109. Give l(10).
1
Let z(d) = 2*d**2 - 7*d - 18. Calculate z(7).
31
Let j(c) = c**2 + 2*c - 1. Calculate j(-3).
2
Let r(m) = 4*m + 7. Determine r(-2).
-1
Let k(g) = 26*g**2 + g + 1. What is k(1)?
28
Let x(f) = 4*f**2 + 59*f - 21. Calculate x(-15).
-6
Let m(j) = 24*j + 20. Give m(-2).
-28
Let g(j) = -j**3 + 25*j**2 + 25*j - 28. Give g(26).
-54
Let c(q) = q**2 + 9*q - 10. What is c(-10)?
0
Let h(o) = 2*o**2 - 66*o - 132. Determine h(-2).
8
Let q(h) = 6*h - 59. What is q(-19)?
-173
Let m(x) = x**2 - 23*x - 27. Give m(24).
-3
Let v(f) = f + 5. Give v(-11).
-6
Let k(p) = 5*p - 9. What is k(5)?
16
Let z(q) = q**2 - 18*q - 110. Calculate z(-5).
5
Let u(d) = -d + 16. Calculate u(8).
8
Let q(w) = 6*w + 45. What is q(-9)?
-9
Let b(y) = -3*y**2 + 53*y - 26. Determine b(17).
8
Let s(j) = 14*j + 59. Give s(-5).
-11
Let i(h) = -38*h**2 + h - 2. Give i(1).
-39
Let n(x) = -x**2 + 3*x - 7. Determine n(3).
-7
Let d(a) = 2*a**3 + 29*a**2 - 13*a + 24. What is d(-15)?
-6
Let k(c) = -10*c + 498. Give k(50).
-2
Let p(b) = -2*b**2 - 61*b + 29. Calculate p(-31).
-2
Let i(s) = s**3 - 11*s**2 + 2*s - 15. Calculate i(11).
7
Let t(b) = b**2 + 10*b + 24. Calculate t(-9).
15
Let t(r) = 22*r + 502. Determine t(-23).
-4
Let b(d) = -4*d - 6. What is b(4)?
-22
Let z(d) = 3*d - 16. What is z(9)?
11
Let k(q) = q**2 - 16*q + 2. What is k(16)?
2
Let u(r) = 2*r**3 + 34*r**2 - r - 18. What is u(-17)?
-1
Let c(s) = -s**3 + 7*s**2 - s - 2. Give c(7).
-9
Let j(m) = -m - 8. Calculate j(-4).
-4
Let w(h) = -38*h + 267. What is w(7)?
1
Let d(p) = p**3 + 14*p**2 - 121*p - 21. What is d(-20)?
-1
Let l(m) = 3*m**3 - 2*m - 2. What is l(-1)?
-3
Let f(y) = 6*y**2 - 17*y - 63. What is f(-3)?
42
Let r(w) = -w**2 + 10*w + 14. Calculate r(12).
-10
Let l(a) = 3*a + 29. What is l(-12)?
-7
Let k(f) = 19*f - 100. What is k(5)?
-5
Let f(b) = b**3 + 6*b**2 + 9*b + 4. Calculate f(-5).
-16
Let g(m) = 3*m - 7. Determine g(9).
20
Let l(z) = -z**3 - 5*z**2 + 5*z + 5. Calculate l(-5).
-20
Let l(r) = -r + 20. What is l(9)?
11
Let j(a) = 7*a + 214. Determine j(-30).
4
Let j(f) = f**2 + 18*f + 34. What is j(-17)?
17
Let c(k) = -k**2 + 10*k + 42. What is c(12)?
18
Let s(d) = 9*d + 19. What is s(-3)?
-8
Let t(j) = -j**3 + 10*j**2 + 20*j - 7. Calculate t(11).
92
Let l(c) = -c**3 + 9*c - 5. Give l(5).
-85
Let h(m) = m**2 - 23*m - 51. Calculate h(-2).
-1
Let z(t) = -4*t. Calculate z(-12).
48
Let s(k) = k**3 - k**2 - 28*k + 37. Give s(5).
-3
Let v(b) = -b**2 + 12*b + 7. Calculate v(7).
42
Let j(h) = -h - 16. Give j(10).
-26
Let r(b) = 6*b + 18. Calculate r(-7).
-24
Let z(h) = -7*h + 22. Give z(3).
1
Let c(v) = -v**3 - 2*v**2 - 11*v - 12. Determine c(-5).
118
Let r(z) = -z**2 - 10*z + 35. Determine r(-13).
-4
Let u(q) = q**3 + 3*q**2 - 16*q - 59. Calculate u(-3).
-11
Let h(z) = z**3 - 18*z**2 + 18*z - 1. Determine h(17).
16
Let z(m) = -9*m + 8. Calculate z(-6).
62
Let t(l) = l**2 + 13*l + 54. Determine t(-10).
24
Let v(y) = -y**3 - 7*y**2 - 9*y - 2. Determine v(-6).
16
Let h(r) = r**3 - 6*r**2 - 9*r + 16. Give h(7).
2
Let t(c) = 13*c**3 - c**2 - c + 1. Calculate t(1).
12
Let r(y) = 2*y - 19. Calculate r(11).
3
Let u(y) = y**2 - 7*y - 12. What